s the remainder when 4779710 is divided by 4779693?
17
What is the remainder when 273754 is divided by 513?
325
What is the remainder when 364978 is divided by 526?
460
Calculate the remainder when 46387941 is divided by 1599583.
34
Calculate the remainder when 19712440 is divided by 127.
8
Calculate the remainder when 451483 is divided by 1730.
1683
Calculate the remainder when 321836584 is divided by 7027.
7011
Calculate the remainder when 451290 is divided by 705.
90
What is the remainder when 3421430 is divided by 3025?
155
Calculate the remainder when 638961 is divided by 319466.
29
Calculate the remainder when 2678016 is divided by 515.
16
Calculate the remainder when 107649465 is divided by 22.
11
What is the remainder when 28263 is divided by 2627?
1993
What is the remainder when 691166 is divided by 32?
30
Calculate the remainder when 1588654 is divided by 83609.
83
What is the remainder when 1104483670 is divided by 2083?
2082
What is the remainder when 20644807 is divided by 916?
915
What is the remainder when 1103803 is divided by 2759?
203
Calculate the remainder when 103392963 is divided by 73.
70
What is the remainder when 364905 is divided by 429?
255
What is the remainder when 10676590 is divided by 38?
34
Calculate the remainder when 591839 is divided by 84517.
220
Calculate the remainder when 41790 is divided by 3735.
705
What is the remainder when 70435 is divided by 4263?
2227
What is the remainder when 627866 is divided by 45?
26
Calculate the remainder when 93751560 is divided by 400.
360
Calculate the remainder when 948255 is divided by 118531.
7
What is the remainder when 1880644976 is divided by 23?
20
Calculate the remainder when 221761 is divided by 6336.
1
Calculate the remainder when 1573026 is divided by 187.
169
Calculate the remainder when 273404 is divided by 4482.
2
Calculate the remainder when 532066 is divided by 106412.
6
Calculate the remainder when 4538938 is divided by 32.
26
Calculate the remainder when 4117607 is divided by 257337.
215
Calculate the remainder when 1725 is divided by 978.
747
Calculate the remainder when 3681529 is divided by 835.
14
Calculate the remainder when 589 is divided by 45.
4
Calculate the remainder when 1360297 is divided by 48582.
1
What is the remainder when 527291 is divided by 578?
155
What is the remainder when 70202770 is divided by 28?
22
What is the remainder when 1454765 is divided by 175?
165
Calculate the remainder when 277698 is divided by 27691.
788
Calculate the remainder when 4981 is divided by 6.
1
Calculate the remainder when 8762457 is divided by 40.
17
Calculate the remainder when 1800635 is divided by 270.
5
What is the remainder when 476010 is divided by 879?
471
Calculate the remainder when 23806948 is divided by 50.
48
What is the remainder when 2976185 is divided by 137?
134
Calculate the remainder when 415398591 is divided by 421.
417
What is the remainder when 2666315 is divided by 666575?
15
Calculate the remainder when 1240507 is divided by 164.
11
What is the remainder when 150099 is divided by 81?
6
Calculate the remainder when 85271 is divided by 2656.
279
Calculate the remainder when 46738 is divided by 2055.
1528
Calculate the remainder when 1492101 is divided by 248675.
51
What is the remainder when 71389209 is divided by 273?
255
Calculate the remainder when 180089 is divided by 272.
25
Calculate the remainder when 68133860 is divided by 22711286.
2
What is the remainder when 40666295 is divided by 172?
163
What is the remainder when 1412711 is divided by 869?
586
Calculate the remainder when 14779255 is divided by 36673.
36
What is the remainder when 10482605 is divided by 8?
5
Calculate the remainder when 417585 is divided by 11256.
1113
Calculate the remainder when 7219504 is divided by 2406274.
682
Calculate the remainder when 29857880 is divided by 4976312.
8
Calculate the remainder when 4473438 is divided by 71.
12
Calculate the remainder when 44816656 is divided by 38.
26
What is the remainder when 14937386 is divided by 15?
11
Calculate the remainder when 20608 is divided by 20128.
480
Calculate the remainder when 5872958 is divided by 1444.
210
Calculate the remainder when 325926 is divided by 4372.
2398
Calculate the remainder when 368163016 is divided by 73.
72
What is the remainder when 1377026 is divided by 687717?
1592
What is the remainder when 3757 is divided by 3505?
252
Calculate the remainder when 9884940 is divided by 36.
24
Calculate the remainder when 3870367 is divided by 143330.
457
Calculate the remainder when 57491 is divided by 27485.
2521
Calculate the remainder when 28707914 is divided by 73610.
14
What is the remainder when 1105403 is divided by 18735?
38
Calculate the remainder when 11131064 is divided by 99.
98
What is the remainder when 129889 is divided by 64490?
909
What is the remainder when 668565 is divided by 334255?
55
What is the remainder when 2876232 is divided by 94?
20
Calculate the remainder when 10171647 is divided by 16.
15
What is the remainder when 19402121 is divided by 1339?
11
Calculate the remainder when 47669 is divided by 4906.
3515
What is the remainder when 14211 is divided by 521?
144
What is the remainder when 152675 is divided by 6133?
5483
Calculate the remainder when 1236637 is divided by 618317.
3
Calculate the remainder when 223214 is divided by 223100.
114
Calculate the remainder when 569228378 is divided by 353.
346
Calculate the remainder when 4305741 is divided by 3173.
3153
Calculate the remainder when 554382 is divided by 4435.
7
Calculate the remainder when 72862 is divided by 1969.
9
What is the remainder when 7786641 is divided by 271?
269
Calculate the remainder when 401815381 is divided by 137.
135
What is the remainder when 596350 is divided by 10852?
10342
Calculate the remainder when 575134 is divided by 1461.
961
What is the remainder when 782835 is divided by 60?
15
What is the remainder when 149123 is divided by 2295?
2243
What is the remainder when 2335968 is divided by 20?
8
Calculate the remainder when 362280 is divided by 181107.
66
What is the remainder when 876586 is divided by 291418?
2332
What is the remainder when 818400 is divided by 6295?
50
What is the remainder when 563462 is divided by 1008?
998
What is the remainder when 15964 is divided by 7418?
1128
Calculate the remainder when 20312356 is divided by 21563.
10
What is the remainder when 68872265 is divided by 29?
20
What is the remainder when 34929 is divided by 7797?
3741
What is the remainder when 18223711 is divided by 1376?
1343
Calculate the remainder when 48040340 is divided by 235.
230
Calculate the remainder when 177165 is divided by 4404.
1005
What is the remainder when 832661 is divided by 71?
44
Calculate the remainder when 5123638 is divided by 98.
2
Calculate the remainder when 1707985 is divided by 317.
306
What is the remainder when 48324 is divided by 24111?
102
What is the remainder when 257690 is divided by 85734?
488
Calculate the remainder when 1028670 is divided by 2707.
10
Calculate the remainder when 144294 is divided by 143668.
626
Calculate the remainder when 1084133 is divided by 717.
29
What is the remainder when 22372 is divided by 2769?
220
What is the remainder when 324465 is divided by 63553?
6700
Calculate the remainder when 416646 is divided by 208304.
38
What is the remainder when 11419386 is divided by 140?
6
What is the remainder when 517162 is divided by 21548?
10
What is the remainder when 234444 is divided by 993?
96
What is the remainder when 55266620 is divided by 274?
272
Calculate the remainder when 168941 is divided by 556.
473
Calculate the remainder when 69142890 is divided by 1469.
1467
What is the remainder when 1082500 is divided by 49204?
12
Calculate the remainder when 15777 is divided by 1487.
907
What is the remainder when 1249773 is divided by 416586?
15
What is the remainder when 3830741 is divided by 874?
873
What is the remainder when 299672 is divided by 7676?
308
What is the remainder when 663591 is divided by 1346?
13
What is the remainder when 9055 is divided by 1577?
1170
What is the remainder when 10683288 is divided by 57?
6
Calculate the remainder when 197367 is divided by 2265.
312
What is the remainder when 35899 is divide